*z - c + 90 = -4*c. Calculate the remainder when 295 is divided by z.
31
Suppose -109 + 295 = 6*k. Calculate the remainder when k is divided by 16.
15
Let i(r) = 610*r - 4232. Let h(q) = -q**3 + 188. Calculate the remainder when h(0) is divided by i(7).
36
Let y = -6790 - -7433. Calculate the remainder when y is divided by 26.
19
Suppose 14*u - 20*u = 462. Let n = -45 - u. Let b = n - 1. Calculate the remainder when 55 is divided by b.
24
What is the remainder when 433 is divided by 56/10*(-5 - (-50)/5)?
13
Let p = 50 + -32. Let g be ((-6)/(-3) + 0)*(-1 - -2). Suppose -4*c + g*z + 18 = 0, 3*z + z = 4. Calculate the remainder when p is divided by c.
3
Let o = -147 + 396. Suppose 2*d = o - 141. Calculate the remainder when 212 is divided by d.
50
Let p(n) = -2*n**3 + 21*n**2 + 10*n + 99. Calculate the remainder when 96 is divided by p(11).
8
Calculate the remainder when ((-16)/(-5))/(3976/(-665) - -6) is divided by 18.
8
Let m(x) = 15*x + 36. Let o be m(-4). Let t be 20/o + -4 + 1/(-6). Calculate the remainder when 45 is divided by (-2)/(t + (-118)/(-24)).
21
Let a(k) = 6*k - 12. Let b be a(4). Let o(w) = -19*w - 12. Let d be o(b). Calculate the remainder when (d/8)/(1 + 10/(-6)) is divided by 23.
22
Let u = 3329 + -2133. Calculate the remainder when u is divided by 48.
44
Let n = 725 + -668. Let s = n - 6. What is the remainder when 355 is divided by s?
49
Suppose 21*u - 739 = -319. Let i = -42 + 38. What is the remainder when u is divided by (i/12)/(5/(-180))?
8
Let q(d) be the second derivative of d**4/4 + d**3 - 5*d**2/2 + 27*d. Calculate the remainder when q(-9) is divided by 47.
43
Let q(b) = -671*b**3 + 4*b**2 + 52*b + 670*b**3 - 21*b**2 - 61. Suppose -65 = -5*p + 35. What is the remainder when q(-20) is divided by p?
19
Suppose -3*j = 4*m - 200, -5*m + 208 + 63 = 4*j. Calculate the remainder when j is divided by (-1)/(-2)*2*23.
15
Suppose 4*t + 23 - 7 = 0. Let f(v) = 2*v**2 + 7*v + 6. Suppose 63 = -13*c + 284. Calculate the remainder when c is divided by f(t).
7
Let p be (84/(-18) - -5)/(1/408). Let f be (-1)/(-3) + 52/6. Suppose -p = -f*s + 269. What is the remainder when s is divided by 10?
5
Let f = -388 + 595. Suppose 0 = 18*r - 297 - f. Suppose -2*z + 5*z - 45 = 0. What is the remainder when r is divided by z?
13
Suppose 3*h = -0*x + 5*x + 915, 0 = x - 5*h + 183. Let c = -147 - x. Calculate the remainder when c is divided by 19.
17
Suppose 3 = -3*z - 3*y, 4*z - 9*z + 4*y + 4 = 0. Suppose z = -92*g + 85*g + 399. Calculate the remainder when g is divided by 5.
2
Suppose -1007 = 5*h + 3*o, -2*o - 187 = h - 5*o. Let l = h - -618. What is the remainder when l is divided by 28?
27
Let s be 2795/325 + 6/(-10). Let q = 0 - -10. Suppose -q*r + 48 = -s*r. What is the remainder when 69 is divided by r?
21
Let o(m) = 3*m + 1. Let k = -6656 + 6706. What is the remainder when k is divided by o(4)?
11
Suppose i + 3*u - 6 + 0 = 0, i + u = 6. Suppose i*w + 264 = -456. What is the remainder when (30/4 + -6)/((-2)/w) is divided by 13?
12
What is the remainder when -313*(24/(-6) + 2) + 2 is divided by 18?
16
Let j(s) = 18*s**2 - 22*s - 27. Calculate the remainder when j(-4) is divided by 48.
13
Let o(d) = -d - 3*d - 7 + d + d**2. Let w(u) = 2*u**2 - 94*u - 3. Let h be w(47). Calculate the remainder when o(h) is divided by 8.
3
Let l be 123240/144 - -2*2/24. Suppose -96*d + 100*d = l. What is the remainder when d is divided by 43?
42
Let j be 1*(11 - 2) - -2. Let z(b) = b**2 - 43. What is the remainder when 306 is divided by z(j)?
72
Suppose 38*k + 12*k - 97*k = -10763. What is the remainder when k is divided by 78?
73
Let z = -459 + 644. Let s = z + -173. What is the remainder when 20 is divided by s?
8
Let b(z) = 439 + 26*z + 16*z - 400 + z**2 - 11*z. Let v be b(-28). Let y = 72 - v. What is the remainder when y is divided by 24?
21
Let h = 3295 - 3236. Calculate the remainder when 308 is divided by h.
13
Let j(s) = s**2 + 15*s + 88. Let g be j(-9). Calculate the remainder when g - ((-10)/3)/((-30)/36) is divided by 18.
12
Let t(f) = 2*f**2 + 48*f + 620. What is the remainder when t(-14) is divided by 12?
4
Let u(n) = n - 1. Let s be u(5). Suppose s*j - 46 = 182. Suppose -56 = -x - 46. Calculate the remainder when j is divided by x.
7
What is the remainder when (-2618)/(-7) + 6 + (6 - -3) is divided by 44?
37
Suppose 5 = v, o - 3*o + v = -11. Suppose k + 2*a + 1 = 0, 3*a + 17 = 14. What is the remainder when 50/o - (-4)/(-16) is divided by k?
0
Let p(o) = o + 32. Let x be p(25). Suppose -i = -s - 11, -2*i = 6*s - s - x. Calculate the remainder when 49 is divided by i.
1
Let h = 26518 + -26508. What is the remainder when 37*(3/1)/3 is divided by h?
7
Let t = 39 + -7. Let g = t + 49. Let m(z) = z + 9. Calculate the remainder when g is divided by m(19).
25
Suppose 2*j = -2*o - 0*j + 48, 4*j = -20. Suppose 0 = 3*i + x - 92, 7*i = 3*i - 2*x + 124. Calculate the remainder when (i/9)/10 - 428/(-3) is divided by o.
27
Let u = 667 - 666. Calculate the remainder when 151 is divided by u*6/(-24)*-44.
8
Suppose 68*t - 73*t = -175. Let s be ((-8)/6)/(13/(-39)). Suppose 0 = s*f - 2*p - 58, f - 2*p - 28 = 3*p. Calculate the remainder when t is divided by f.
9
Let t(d) = -93*d + 1622. What is the remainder when 189 is divided by t(17)?
25
Let d be (-1)/((-36)/2421) - (-6)/8. What is the remainder when d/(8*7/224) is divided by 55?
52
Suppose 798 = 4*l - 3*k - 171, 3*l = 4*k + 718. Calculate the remainder when 4661 is divided by l.
233
Let l = -7759 + 14107. Suppose 32*y - l = 20*y. Calculate the remainder when y is divided by 28.
25
Suppose -167*o = 27*o - 1208 - 9074. Calculate the remainder when 281 is divided by o.
16
Let h = 121 - 116. Suppose h*u + 275 - 1415 = 0. Calculate the remainder when u is divided by 29.
25
Suppose -27 = 15*j - 12*j. Let b(u) = u**2 + 3*u - 11. Let m be b(j). Suppose -20 = 5*v, h - 2*h + m = -4*v. Calculate the remainder when h is divided by 6.
3
Suppose -43 = -j - 3*s, -s - 22 = -j + 3*s. Suppose 125*t = 126*t - j. What is the remainder when 68 is divided by t?
0
Let j = -204070 + 204090. Let d be -1 + -4*(0 + 2). Let v = 30 - d. What is the remainder when v is divided by j?
19
What is the remainder when 179 is divided by (-20)/(-1)*(-5)/(-55)*11?
19
Let h = 1722 + -1722. Suppose 5*p - 2*x + 88 = 0, -6*p - 2*x = -p + 72. What is the remainder when 9 is divided by 20 + p - ((h - -2) + -5)?
2
Let a(u) = -12*u + 157. Calculate the remainder when ((-21)/6)/(1/(-60)) is divided by a(9).
14
Suppose 14*h - 2180 - 2553 = -841. What is the remainder when h is divided by 31?
30
Suppose -3*i = -47 - 25. Suppose -i = 2*x + 5*a - 67, -4*a = 2*x - 40. What is the remainder when 32 is divided by x?
4
What is the remainder when 14/(56/8) + 84 is divided by (-78)/((-30)/5) + 0?
8
Let r = 127 - -58. Calculate the remainder when r is divided by (364/39 - 11)/((-35)/525).
10
Let c be (18/(-12))/((54/(-16))/9). Suppose -u + 59 - 22 = -c*w, -u = w - 22. Calculate the remainder when 58 is divided by u.
8
Let v(k) = 76*k + 1695. What is the remainder when 131 is divided by v(-22)?
16
Let k(u) = -4*u**2 - 23*u - 14. Let c(v) = -v**2 + v + 1. Calculate the remainder when c(0) is divided by k(-5).
0
Let r = 3529 - 3509. Suppose -3*g + 2*g + 47 = 0. Calculate the remainder when g is divided by r.
7
Suppose 25*m = -x + 20*m + 116, x - 110 = -3*m. Let t(r) = -34*r + 1. What is the remainder when x is divided by t(-1)?
31
Let y(w) = 18*w + 34 - 28 + 129. What is the remainder when 74 is divided by y(-6)?
20
Let a(w) = -w**3 + 22*w**2 - 25*w - 4. Let y be a(20). Suppose -14*j + y = 142. Calculate the remainder when 116 is divided by j.
6
Let y(s) = 20*s**2 + 29*s + 12. Let d(f) = 16*f**2 + 28*f + 11. Let x(p) = 4*d(p) - 3*y(p). Calculate the remainder when 87 is divided by x(-7).
0
Let a(w) = -1. Let t(b) = -11*b + 48. Let l(u) = 5*a(u) + t(u). What is the remainder when l(0) is divided by 15?
13
Let b = 32 - 33. Let a(h) = 2*h**2 + 9*h + 7. What is the remainder when a(-6) is divided by (14*4/(-8))/(b/2)?
11
Suppose -5*c = -208 + 113. Let u = c - -73. What is the remainder when u is divided by 49?
43
Let d(h) = 4*h - 4. Let s(l) = l. Let y(a) = d(a) + 5*s(a). Let w = 16 - 13. What is the remainder when 41 is divided by y(w)?
18
Suppose -2*b = 5*w - 2*w - 1, -2*b